ne o(4).
1
Let i(y) be the third derivative of -y**6/180 + y**4/12 + 3*y**2. Let b(r) be the second derivative of i(r). Calculate b(2).
-8
Let r(v) = -v**2 + v - 1. Let s = 11 + -9. Calculate r(s).
-3
Let c(h) = h**3 - 7*h**2 + 4*h + 4. Let q(s) = s**2 - 3. Let d be q(3). What is c(d)?
-8
Let i = 120 - 112. Let q(c) = 2*c - 1. Give q(i).
15
Let m(u) be the third derivative of u**6/8 - u**4/12 + u**3/6 - 6*u**2. Calculate m(1).
14
Let a be (2 - 6/2)*-2. Let p(o) = -1 + 2 - 3*o**a + 0*o**2 + 2*o**2 + 4*o. Determine p(3).
4
Suppose -4*k + 8 + 0 = 0. Let p(r) = 2*r**3 - 3*r**2 + r. Calculate p(k).
6
Let r(g) = g + 4. Let q(v) = v + 5. Let l(k) = -5*q(k) + 6*r(k). Let z be 1/(-4) + 5/4. Let a be l(z). Let u(s) = -s - 4. What is u(a)?
-4
Let d(m) = 2*m**2 - m + 1. Let q(i) = 4*i**2 - 2*i + 3. Let u(p) = 5*d(p) - 2*q(p). Let g be 30/(-36) + (-1)/6. What is u(g)?
2
Let q(t) = t + 9. Let r be q(-9). Suppose 3*d = -r*d - 9. Let c = 2 + d. Let h(k) = 9*k + 1. Calculate h(c).
-8
Let q(d) be the first derivative of -d**5/20 + 5*d**4/12 - d**3/3 - 2*d**2 + d - 1. Let g(h) be the first derivative of q(h). Determine g(4).
4
Let t(w) = w**3 - 2*w**2 - 12*w + 4. Let f(o) = -o**3 + o**2 + 13*o - 5. Let r(c) = 3*f(c) + 4*t(c). Calculate r(6).
-17
Let u(n) = -n**3 + n**2 - 2*n + 1. Let q be u(0). Let f(g) = 7*g**2 + 1. Give f(q).
8
Let y(t) = -t - 14. Let q be y(-14). Suppose 4*a + a - 25 = q. Let j(b) = b**3 - 5*b**2 + 3. What is j(a)?
3
Let q = -9 - -2. Let g(t) be the third derivative of t**4/24 - t**3/2 + 9*t**2. Calculate g(q).
-10
Let f(o) = 1. Let p(r) = -3*r + 3. Let t(z) = 3*f(z) - p(z). Give t(2).
6
Suppose 2*k = k - 3. Let l be (-1)/((k/4)/3). Let v(g) = g**2 - 8*g + 1. Give v(l).
-15
Let a(z) = -z**2 - 7*z - 5. Suppose -j + 2 - 1 = 3*x, -3*j + 27 = 3*x. Let i = 8 - j. Let t = 1 + i. Give a(t).
7
Let i(h) = -h**3 - h + 11*h**2 - 10*h**2 + 1 + 0. Let y be i(1). Suppose 5*n = 3*w - 22, 0 = 4*w - y*w + n - 14. Let f(v) = v**2 - 4*v + 3. Calculate f(w).
3
Let c(p) = -5*p**3 + p**2. Let g be 3 + 7/(14/(-32)). Let o(m) = -m**2 - 14*m - 14. Let q be o(g). Calculate c(q).
6
Suppose -3*m = 4*t + 17, -2*t + 4 = -3*m - 1. Let u(o) be the first derivative of 0*o + 2 + 1/2*o**2. Calculate u(m).
-3
Let i(s) = -s**2 - 9*s - 9. Let t be (-2)/2*24/3. Calculate i(t).
-1
Suppose 9 = -0*c - 3*c. Let n = 1 + c. Let h(g) = -4*g**3 + 5*g**2 + 21*g - 1. Let r(x) = -x**3 + x**2 + 5*x. Let o(b) = -2*h(b) + 9*r(b). Calculate o(n).
0
Let t(w) = -2*w**2 - 2*w + 6. Let m(q) = 2*q**2 + 2*q - 5. Let x(c) = 5*m(c) + 4*t(c). Give x(-2).
3
Let j be -6 + 1/(-2) + (-3)/(-2). Let g(f) = f**3 + 6*f**2 + f - 5. Give g(j).
15
Let w(k) be the third derivative of 5/6*k**3 + 0 - k**2 - 1/60*k**5 + 1/24*k**4 + 0*k. What is w(0)?
5
Let s(i) = -i + 15. Let v(b) = b - 14. Let n(z) = 4*s(z) + 5*v(z). What is n(0)?
-10
Let x(v) = -1 - 1 + 0 - v. Let z be x(-4). Let i(y) = -4 - 1 + z - y. Determine i(-5).
2
Let w(k) = k**2 - 2*k + 1. Let y = 22 + -9. Suppose -4*l + y = -11. Suppose 0 = -2*p + g + 4*g + 16, 0 = -4*p - 3*g + l. Determine w(p).
4
Suppose 4*b + u + 4*u + 25 = 0, 5*b = 3*u - 59. Let q = b - -8. Let w(p) = p**3 + 3*p**2 + p. Calculate w(q).
2
Suppose 21*d - 36 = 27*d. Let r(v) = -2*v - 5. Determine r(d).
7
Let j(b) be the first derivative of -b**3/3 + 5*b**2/2 - 5*b - 8. Determine j(5).
-5
Suppose 2*v - 4*w = -10, 5*v + 3 = 2*v + 3*w. Let s(l) = -39*l + 3*l**v - 2*l**2 + 36*l - 4*l**3. Calculate s(-2).
6
Suppose 0 = 4*k + 8 + 4. Let p(h) = 3*h**2 + 7*h + 6. Let w(r) = 16*r**2 + 36*r + 31. Let i(u) = 11*p(u) - 2*w(u). What is i(k)?
-2
Let m(c) = -3*c - 9. Let t be m(-6). Let b = t - 4. Let x(o) = 2*o - 10. Let r(h) = -h + 5. Let v(l) = -7*r(l) - 4*x(l). Give v(b).
0
Suppose g = 5 - 2. Suppose -g*o + l = -14, -5*o - l + 5*l + 35 = 0. Let p(q) = -q**3 + 3*q**2 + 3*q - 3. What is p(o)?
6
Let v(w) be the third derivative of w**4/24 + w**3/6 - 4*w**2. Give v(-3).
-2
Let h(m) = -7*m**2 + 6*m + 1. Let f(w) = 3 - 11*w**2 + 15*w + 8*w**2 + 2*w - 17*w**2. Suppose -x + 5 = -12. Let g(c) = x*h(c) - 6*f(c). Give g(1).
0
Let i be 6/((-1)/(4/6)). Let l(b) = -5*b**3 + 15*b**2 - 3*b - 4. Let o(v) = -2*v**3 + 7*v**2 - v - 2. Let z(p) = -3*l(p) + 7*o(p). Give z(i).
-10
Let q(p) = -p**2 + 3*p**2 + 4 + 80*p - 3*p**2 - 84*p. Give q(-6).
-8
Let l = 6 - 8. Let v(m) = m**2 + 2*m + 1. Calculate v(l).
1
Let o(a) = 4*a**3 + 2*a**2 - 4*a + 4. Let d(t) = 7*t**3 + 3*t**2 - 7*t + 7. Let i(h) = -3*d(h) + 5*o(h). Calculate i(-2).
9
Let x(k) = -k**3 - 2*k**2 - k. Let u = -29 - -31. Calculate x(u).
-18
Let w be 2/((-3)/6*-2). Let m(n) = -4*n + 3*n - 3 - n**2 - 3*n**2. Let t(i) = -9*i**2 - 3*i - 7. Let p(v) = 5*m(v) - 2*t(v). Give p(w).
-7
Let n(g) = -5*g**2. Let j(p) = -p**3 - p**2 - p + 1. Let b be j(0). Give n(b).
-5
Let u be 4/(-18) - (-55)/45. Let p(f) = 7*f**2 - f + 1. Give p(u).
7
Suppose -4*y - h + 19 = 0, -5*h - 10 = -0*y - y. Let c(a) = -a**3 + 5*a**2 - a - 2. What is c(y)?
-7
Let v(t) = -t**3 + t**2 - 1. Let p be (-6 - 4) + (-4)/2. Let n = p - -13. Calculate v(n).
-1
Let z(b) = -4 + 5 + 5*b + 0. Let r be ((-6)/4 - -2)/((-8)/16). Calculate z(r).
-4
Let o = -20 + 27. Let h(c) = -2*c + 8. Calculate h(o).
-6
Let u(h) be the third derivative of h**5/60 - 3*h**4/8 - h**3/6 - 8*h**2. What is u(5)?
-21
Let m(h) = -h**2 + 6*h - 7. Suppose 39 + 3 = -3*s. Let v be (-2)/7 + (-74)/s. Give m(v).
-2
Let d be 4/(-10) - 42/(-80). Let w(p) be the third derivative of -d*p**4 - 5/6*p**3 + 1/60*p**5 - 3*p**2 + 0*p + 0. Give w(4).
-1
Let h(g) be the second derivative of -g**4/12 + 5*g**3/3 - 3*g**2 - 3*g. What is h(10)?
-6
Suppose 5*m + 15 + 15 = 0. Let n(o) = -5*o**2 + o + 15. Let t(u) = -11*u**2 + u + 31. Let g(a) = -13*n(a) + 6*t(a). What is g(m)?
-3
Let v(g) be the second derivative of g**5/20 + 2*g**4/3 + 5*g**3/3 + 7*g**2/2 + 16*g. Calculate v(-6).
19
Let x(u) = -u**2 - 9*u - 8. Let d be x(-6). Suppose 0 = -6*s + 4*s + d. Let b(c) be the first derivative of -c**2/2 + 8*c - 1. Give b(s).
3
Let o(t) = -t**3 + 2*t. Let s(y) = y**2 + 8*y + 5. Suppose 11 - 39 = 4*w. Let a be s(w). What is o(a)?
4
Suppose 0 = 3*j + j - 4. Let b(r) = -r**3 + r. Give b(j).
0
Let b be 22/4 + (-6)/4. Let u(v) = -7 + b - v**2 + 4*v + 3*v. Suppose 5*j - 30 = -0*j. Give u(j).
3
Let y(p) = 5*p - 7 - 6 + 10. Let c(w) = -w**2 + 7*w + 6. Let m be c(8). Let a be -4*m/(-8)*-2. Calculate y(a).
7
Let a(d) = 4 + d**3 - 16 - 6*d**2 + 6 + d. Determine a(6).
0
Let j(z) = -z**2 + 4*z - 7. Suppose 0 = 3*y - 1 - 20. What is j(y)?
-28
Let y(p) = 5 - p**2 - 3 + 3*p**2 - 4. Calculate y(2).
6
Let l(f) = -2*f + 5. Let q be (-1 + 2)/((-4)/12). Let v(c) = -3*c - 4. Let u be v(q). Determine l(u).
-5
Let x(a) = a. Let g(j) = -23*j - 1. Let b(f) = -g(f) - 5*x(f). What is b(-1)?
-17
Let t(v) = -4*v**2 - 21 + 26 - 3*v + 7*v**2 + v**3. What is t(-4)?
1
Let t(w) = w + 2. Let r(b) = -6*b - 10. Let g(l) = 2*r(l) + 11*t(l). Suppose 5*y - 4*y + 2 = 4*q, 0 = 2*y + q - 5. Calculate g(y).
0
Let z(n) = n**2 + 2*n - 1. Let m(r) = -2*r + 6. Let q(u) = u**2 + 7*u - 4. Let h be q(-8). Let b be m(h). What is z(b)?
-1
Let m(t) = t**3 - 5*t**2 - 12*t + 1. Let w(r) = -r - 1. Let h(z) = 2*z**2 + z - 2. Let o be h(1). Let f(l) = o*m(l) - 6*w(l). Calculate f(6).
7
Let u(o) be the first derivative of o**3 - 3*o + 4. Let z(j) = j**2 + j - 1. Let x(v) = -u(v) + 2*z(v). What is x(-1)?
-2
Let r(s) = -s**2 - 5. Let t(n) = 2*n**2 + 9. Let w(b) = -11*r(b) - 6*t(b). Give w(1).
0
Suppose -2*k = k + z + 5, -4*z = -2*k - 8. Let y be (k + -2)*(-4)/4. Suppose j = y*s - 4, -j - 2 - 2 = 5*s. Let m(h) = h**3 + 5*h**2 + 3*h - 4. Determine m(j).
0
Let i(y) be the first derivative of y**4/4 + y**3 + 5*y + 4. Give i(-4).
-11
Let o(m) = m**3 + 7*m**2 - 8*m - 6. Let k(v) = -v**2 + v + 1. Let x(l) = 3*k(l) + o(l). Determine x(-5).
-3
Suppose -5*b - 4*y = 24, 2*y = b - 0*b + 2. Let u = -5 - -10. Let i(f) = -7 - f + f + 4*f - u*f. Calculate i(b).
-3
Let j be (-2)/3 + 12/(-9). Let q(y) be the first derivative of 5*y**2/2 - 6*y - 1. Let r(g) = g - 1. Let z(b) = 6*q(b) - 34*r(b). What is z(j)?
6
Suppose -2*o + 7 = -11. Let s(m) = -4*m**2 + o + m**3 + 2*m**2 - 2*m - 3*m**2 - m**2. What is s(6)?
-3
Suppose 0 = 5*v - v. Suppose v*f - f = 0. Let i(x) = x**3 - x**2 - x. Determine i(f).
0
Let i(j) = -9*j - 2. Suppose 3*b + 1 = 2*b. Let n(r)